{"id":4528,"date":"2023-01-24T22:23:44","date_gmt":"2023-01-24T22:23:44","guid":{"rendered":"https:\/\/jpdistribucion.com\/?post_type=product&#038;p=4528"},"modified":"2023-01-24T22:23:44","modified_gmt":"2023-01-24T22:23:44","slug":"bateria-de-litio-de-1-5-volts-lr44","status":"publish","type":"product","link":"https:\/\/jpdistribucion.com\/index.php\/producto\/bateria-de-litio-de-1-5-volts-lr44\/","title":{"rendered":"BATER\u00cdA DE LITIO DE 1.5 VOLTS. LR44"},"content":{"rendered":"<p>La bater\u00eda LR44 no recargable de 1.5V\/118mAh que cuenta con una tecnolog\u00eda alcalina, con terminales positivos y negativos elevados. La capacidad t\u00edpica var\u00eda seg\u00fan la carga aplicada, la temperatura y la tensi\u00f3n de corte.<\/p>\n","protected":false},"excerpt":{"rendered":"<p>Bater\u00eda de Litio LR44 1.5 V<\/p>\n","protected":false},"featured_media":4529,"comment_status":"open","ping_status":"closed","template":"","meta":{"site-sidebar-layout":"default","site-content-layout":"default","ast-global-header-display":"","ast-main-header-display":"","ast-hfb-above-header-display":"","ast-hfb-below-header-display":"","ast-hfb-mobile-header-display":"","site-post-title":"","ast-breadcrumbs-content":"","ast-featured-img":"","footer-sml-layout":"","theme-transparent-header-meta":"default","adv-header-id-meta":"","stick-header-meta":"","header-above-stick-meta":"","header-main-stick-meta":"","header-below-stick-meta":""},"product_cat":[93],"product_tag":[97,94,95,96],"_links":{"self":[{"href":"https:\/\/jpdistribucion.com\/index.php\/wp-json\/wp\/v2\/product\/4528"}],"collection":[{"href":"https:\/\/jpdistribucion.com\/index.php\/wp-json\/wp\/v2\/product"}],"about":[{"href":"https:\/\/jpdistribucion.com\/index.php\/wp-json\/wp\/v2\/types\/product"}],"replies":[{"embeddable":true,"href":"https:\/\/jpdistribucion.com\/index.php\/wp-json\/wp\/v2\/comments?post=4528"}],"version-history":[{"count":1,"href":"https:\/\/jpdistribucion.com\/index.php\/wp-json\/wp\/v2\/product\/4528\/revisions"}],"predecessor-version":[{"id":4530,"href":"https:\/\/jpdistribucion.com\/index.php\/wp-json\/wp\/v2\/product\/4528\/revisions\/4530"}],"wp:featuredmedia":[{"embeddable":true,"href":"https:\/\/jpdistribucion.com\/index.php\/wp-json\/wp\/v2\/media\/4529"}],"wp:attachment":[{"href":"https:\/\/jpdistribucion.com\/index.php\/wp-json\/wp\/v2\/media?parent=4528"}],"wp:term":[{"taxonomy":"product_cat","embeddable":true,"href":"https:\/\/jpdistribucion.com\/index.php\/wp-json\/wp\/v2\/product_cat?post=4528"},{"taxonomy":"product_tag","embeddable":true,"href":"https:\/\/jpdistribucion.com\/index.php\/wp-json\/wp\/v2\/product_tag?post=4528"}],"curies":[{"name":"wp","href":"https:\/\/api.w.org\/{rel}","templated":true}]}}